Let f = -55 - -156. Let o = 97 - f. List the prime factors of o/2 - (14*-6)/2.
2, 5
Let i(x) = -4*x + 27095*x**3 + 3*x**2 - 28075*x**3 + 7*x. What are the prime factors of i(-1)?
2, 5, 7
Let n(y) = 38*y - 5. Let f(l) = -39*l + 5. Suppose a + 0 + 3 = 0. Let m(v) = a*n(v) - 4*f(v). List the prime factors of m(2).
79
Suppose 0 = -5*h + 3*h - 4, 2*b + 26 = 5*h. Let k = b - -20. List the prime factors of (-190)/(-4)*4/k.
5, 19
Let b(o) = 465*o - 780. List the prime factors of b(7).
3, 5, 11
What are the prime factors of (38 + -9)/(5/380)?
2, 19, 29
Suppose 12*q - 9 = -45. List the prime factors of (-827)/q + 88/(-132).
5, 11
Let c = -1583 + 2253. Suppose -b - 428 = -2*r + 233, 0 = -2*r + 4*b + c. What are the prime factors of r?
7, 47
Let j = -666 + 527. Suppose 2*k + 350 = k. Let v = j - k. List the prime factors of v.
211
Suppose x = 4*x - 1800. Let f = x - 539. List the prime factors of f.
61
Let t(g) = 2*g + 12. Let s be -6 + 0 + (-4)/16*-4. Let n be t(s). Suppose 0 = 3*r + 2 + 7, 0 = -5*a + n*r + 196. What are the prime factors of a?
2, 19
Let s = 121 + -118. Suppose 3*w + 653 = 5*w + 5*p, s*p = 5*w - 1586. List the prime factors of w.
11, 29
Let b = -140 + -300. Let s = 1013 + b. What are the prime factors of s?
3, 191
Suppose 455 = -4*c + 1603. Suppose 0 = -9*h + 872 - c. Let z = h + 19. List the prime factors of z.
2, 3, 7
Let k be (-1)/((-6)/42) + -5. Suppose -k*s - 30*s + 23552 = 0. List the prime factors of s.
2, 23
Let y = 365 - 361. Suppose -26*u = -24*u + y*s - 4172, 5*s = u - 2086. What are the prime factors of u?
2, 7, 149
Suppose 18*y = 22*y - 16. Suppose -m - m - 3*h + 341 = 0, 3*m - y*h - 520 = 0. Suppose -526 = -3*j - m. List the prime factors of j.
2, 59
Suppose -2*y = -y + 3*m - 71, -4*y - m = -240. Let i = -1 - y. List the prime factors of (i/(15/5))/(1/(-5)).
2, 5
Suppose 2*s + 6 = t, 4*s + 4 = 2*s. Suppose t*d = 11*d - 45. Suppose d*q = 4*p + 442, 44 + 285 = 4*q + 5*p. List the prime factors of q.
2, 43
Let s = -536 - -572. What are the prime factors of (s + -37)/(-1 + (-338)/(-339))?
3, 113
Suppose 3990 = 57*b - 64*b. Let h = 107 - b. What are the prime factors of h?
677
Suppose -4*n = 4*c + 280, -5*n = -2*c - 2*c + 395. What are the prime factors of (-10)/n + 34492/60?
5, 23
What are the prime factors of 147660/(-207)*(-351)/15?
2, 3, 13, 107
Suppose -3*t + 1139 = 5*u - 1360, t = -u + 499. Let p = 1197 - u. What are the prime factors of p?
2, 3, 29
Let k(o) be the third derivative of 7*o**6/30 + o**5/20 - o**4/6 + o**3/6 - 3*o**2 - o. What are the prime factors of k(3)?
2, 193
Let y(i) = 2*i. Let v be (-3)/(-1) - (3 + 1). Let s be y(v). Let n(g) = -8*g**3 + g**2 - 3. List the prime factors of n(s).
5, 13
Suppose 2*h - 7650 - 16988 + 218 = 0. List the prime factors of h.
2, 3, 5, 11, 37
Suppose -4*k = 1 - 9. Suppose 5*c - x = 12, 5*x - 6 = -k*c + 6*x. Let u(d) = 10*d - 3. List the prime factors of u(c).
17
Let m be (-23 + 1)*(-1 - 3). Let u be 9 + -2 - (26 + 18). Let i = m + u. What are the prime factors of i?
3, 17
Suppose r + 5*k = 2*r - 20, -2*r - k - 4 = 0. Let p be -4 + 4 + r/4. Suppose a + p*a = 75. List the prime factors of a.
3, 5
Let j(y) = 2*y**2 + 42*y + 2668. List the prime factors of j(71).
2, 3, 19, 23
Let l(j) = j**3 + j**2 - 2*j + 1. Let q be l(-2). Let w be 3*q - 121/(-11). Suppose 3*g + 1177 = w*g. List the prime factors of g.
107
Suppose 3*y + 2*x - 11088 = 0, -2*y - 5*x + 4344 = -3059. Let b = -2158 + y. What are the prime factors of b?
2, 3
Suppose -36*v + 156706 + 250450 + 125536 = 0. List the prime factors of v.
14797
Suppose 74*m - 63*m - 81158 = 0. List the prime factors of m.
2, 7, 17, 31
Suppose -g + 5 = -n, 7*n - 5*n + 4*g = 8. List the prime factors of n/(24/9376*(-2)/3).
2, 293
Suppose 32*y + 4185 = -4071. Let b = 253 - y. List the prime factors of b.
7, 73
Let a(t) = 5*t**2 + 4*t - 2. Let f(j) = -j - 1. Let y(s) = a(s) + 2*f(s). Let r be (-6)/15 + 81/15. What are the prime factors of y(r)?
131
Suppose -q - 3*r + 2105 = -45578, r = 6*q - 286212. What are the prime factors of q?
47701
List the prime factors of 12664*(-11 + 92/8).
2, 1583
Suppose 5*x = 2*a - 8483, -46*a + 50*a - 16930 = -2*x. List the prime factors of a.
2, 29, 73
Let h = 363 + -188. Suppose p + s + 119 = 0, 4*p - 2*s = -7*s - 471. Let u = h + p. List the prime factors of u.
3, 17
Let l = 0 + 16. Suppose 25*w - 24*w = l. Let d = w - -129. What are the prime factors of d?
5, 29
Let x = -53 - -46. Let c be 1/((-14)/x) - 9/(-2). Suppose 0 = c*q, m = -2*q - 14 + 112. What are the prime factors of m?
2, 7
Let s(i) = -2*i - 38. Let k be s(-19). Suppose -2*r + 756 + 806 = 4*v, k = -r + 3*v + 796. What are the prime factors of r?
787
What are the prime factors of (-3)/(-1) + 0 - -4134*(-72)/(-27)?
11027
Suppose -8*a - a = -36. Suppose 0 = -4*b + 5*s - a, 3*b + s = -2*s + 24. Suppose 0 = -3*n - 4*u - 0*u + 154, -b*n - 3*u = -217. What are the prime factors of n?
2, 29
Suppose -5*f + 2*f - 30 = 0. Let j be (-12)/(-15)*f/4. What are the prime factors of 0/(3 - j) - -16?
2
Let r(d) = -8*d**2 - 165*d + 109. What are the prime factors of r(-9)?
2, 11, 43
List the prime factors of 28284 - (-49 - (-32 + 7)).
2, 3, 7, 337
Suppose 6*f - 7*f + 5 = 0. Suppose -b - 2*b + 40 = -2*u, -3*b = f*u - 5. Let h = 84 - b. List the prime factors of h.
2, 37
Suppose -27*p = -15*p. Suppose p = 2*g + 5*i - 687, 2*g - 3*i + i - 694 = 0. List the prime factors of g.
2, 173
Suppose -152 = 43*j - 410. What are the prime factors of j/(-7) + (-235640)/(-301)?
2, 17, 23
Suppose 0 = 3*z + 4*m + 3, -2*z = -4*z + 4*m + 18. Let i(w) = 52*w + 15. Let o(u) = -u. Let x(a) = i(a) + 6*o(a). List the prime factors of x(z).
3, 17
List the prime factors of ((-446780)/(-623))/(2/14).
2, 5, 251
Let q be (-1)/(-5)*(-29 - -24). What are the prime factors of (-4 + -1224)*q/4?
307
Suppose -420 = 19*o - 116. What are the prime factors of 560 + 3*o/24?
2, 3, 31
Let d(s) = -s**2 - 5*s - 15. Let v be d(11). Let j = 679 + v. List the prime factors of j.
2, 61
Let u be (2 + -12)*(1 + (-6)/4). Suppose -45 = -10*c - u. Suppose 0 = -c*s - h + 5*h + 368, 3*h + 3 = 0. List the prime factors of s.
7, 13
Let c(p) = -3*p - 28. Let x(k) = 9*k + 85. Let m(z) = -7*c(z) - 2*x(z). Let h be m(-12). Let l = h - -28. What are the prime factors of l?
2, 3
Let f be -17 + (0 - (2 + -3)). Let h(m) = m**2 + 14*m - 29. Let c be h(f). List the prime factors of (-379 - 2)*1/c*-2.
2, 127
Let t = -32839 - -52255. What are the prime factors of t?
2, 3, 809
Let j = -141 - -179. What are the prime factors of (-4)/(-10)*(j - (2 - 4))?
2
Let z = 6923 + 4287. What are the prime factors of z?
2, 5, 19, 59
Let o = -44 + 52. Let v be (o/(-12))/(3/(-45)). What are the prime factors of (225/v - 6)*8/6?
2, 11
Let o = 44834 - 13896. What are the prime factors of o?
2, 31, 499
Let c be (-26)/18 + 13/(702/24) + -138. Suppose -3*b = -4*t + 127, -2*t + 102 = -3*b + 31. Let d = t - c. List the prime factors of d.
167
Let p be (-46)/6 - ((-92)/12 + 7). Let o = -4 - p. Suppose o*z - 248 = -2*c, -2*z + 144 = -c - 3*c. List the prime factors of z.
2, 5
Suppose -3*r + 27*o - 25*o + 21004 = 0, 3*o - 12 = 0. What are the prime factors of r?
2, 17, 103
Suppose l - 3*l + 220 = 0. Suppose -5*a = -0*a + l. Let t = 103 - a. What are the prime factors of t?
5
Let b(i) = 860*i**3 + i**2 + 1. Let m(f) = f**2 + f - 19. Let a be m(-5). List the prime factors of b(a).
2, 431
List the prime factors of (-30)/(-35) + (-407880)/(-126).
2, 1619
Let q be (-45)/75 + (-56)/(-10). Suppose 4*d - 48 = -4*i + 8*i, 0 = q*i - 3*d + 68. What are the prime factors of 46/(i/12 - -2)?
3, 23
Let t be ((-1215)/2)/((-12)/(-24)). Let o = t + 1998. What are the prime factors of o?
3, 29
Let u(i) be the third derivative of i**5/60 - 35*i**4/24 - 127*i**3/6 - 2*i**2 - 9*i. List the prime factors of u(39).
29
List the prime factors of (-208)/(-3)*1*33/22*23.
2, 13, 23
Let x(u) = -u**3 - u**2 - 4*u + 1. Suppose r + 25 = s, 4*r = -r - s - 125. Let l = 22 + r. List the prime factors of x(l).
31
Suppose -115688 = -29*r + 52860. What are the prime factors of r?
2, 1453
Let x = 100 + -96. Suppose 0 = x*i - 6*i + 2*y - 100, 20 = -4*y. Let p = 61 + i. What are the prime factors of p?
2, 3
Let a = 520 + -463. Suppose -4*j - 258 = -5*g - 5*j, 54 = g - j. Let l = a - g. List the prime